{"id":247,"date":"2022-04-25T15:19:37","date_gmt":"2022-04-25T19:19:37","guid":{"rendered":"http:\/\/www.montclair.edu\/creehs\/?page_id=247"},"modified":"2025-03-24T15:26:34","modified_gmt":"2025-03-24T19:26:34","slug":"fcc-ratings","status":"publish","type":"page","link":"https:\/\/www.montclair.edu\/creehs\/fcc-ratings\/","title":{"rendered":"FCC Ratings"},"content":{"rendered":"<div class=\"prpl-drawer\"><div class=\"prpl-drawer-header\">FCC Official Rating Information - English<\/div><div class=\"prpl-drawer-content\">\n<p><span style=\"font-weight: 400\">To initiate a Family Childcare Center (FCC) Official Rating<\/span>:<\/p>\n<ol>\n<li>Complete the <em><a href=\"http:\/\/www.montclair.edu\/creehs\/wp-content\/uploads\/sites\/145\/2025\/03\/Star-Rating-Readiness-Checklist-FCCs-3.14.25.pdf\">Star Rating Readiness Checklist for FCCs<\/a><\/em><\/li>\n<li>Upload Checklist to <a href=\"https:\/\/njccis.com\">NJCCIS<\/a> with required documentation<\/li>\n<li>Complete \u201cFile for Rating\u201d in the Grow NJ Kids dashboard of NJCCIS and email <a href=\"mailto:gnjkrating@montclair.edu\">Grow NJ Kids Rating<\/a> to notify of submission\u201d<\/li>\n<\/ol>\n<p>(<em>Additional steps are specified in the process flow diagram below.<\/em>)<\/p>\n<div class=\"prpl-row\">\n<figure class=\"responsive-image-holder wp-caption alignnone\"><img decoding=\"async\" class=\"mlt-responsive-image\" data-original-image=\"\/creehs\/wp-content\/uploads\/sites\/145\/2025\/03\/FCC-Process-Flow-3.20.25.jpg\" src=\"\/responsive-media\/cache\/creehs\/wp-content\/uploads\/sites\/145\/2025\/03\/FCC-Process-Flow-3.20.25.jpg.0.1x.generic.jpg\"\/><\/figure>\n<\/div>\n<p><strong>Related documents<\/strong><\/p>\n<ul>\n<li><a href=\"http:\/\/www.montclair.edu\/creehs\/wp-content\/uploads\/sites\/145\/2025\/03\/Star-Rating-Readiness-Checklist-FCCs-3.14.25.pdf\">Star Rating Readiness Checklist for FCCs &#8211; March 14, 2025<\/a> (PDF)<\/li><\/ul><\/div><\/div><\/li>\n<\/ul>\n<div class=\"prpl-drawer\"><div class=\"prpl-drawer-header\">Informaci&oacute;n sobre calificaciones oficiales para FCC - Espa&ntilde;ol<\/div><div class=\"prpl-drawer-content\">\n<p><span style=\"font-weight: 400\">Para iniciar una Calificaci\u00f3n Oficial para programas de Cuidado Familiar Infantil (FCC):<\/span><\/p>\n<ol>\n<li>Complete la <em><a href=\"http:\/\/www.montclair.edu\/creehs\/wp-content\/uploads\/sites\/145\/2025\/03\/Spanish-Star-Rating-Readiness-Checklist-FCCs-3.14.25-1.pdf\">Lista de Verificaci\u00f3n de Preparaci\u00f3n para Calificaci\u00f3n por Estrellas<\/a><\/em><\/li>\n<li>Cargue la Lista de Verificaci\u00f3n <a href=\"https:\/\/njccis.com\">a NJCCIS<\/a> con la documentaci\u00f3n requerida<\/li>\n<li>Completar \u201cFile For Rating\u201d en la consola de Grow NJ Kids en NJCCIS y mande un correo electr\u00f3nico a <a href=\"mailto:gnjkrating@montclair.edu\">Grow NJ Kids Rating <\/a>\u00a0para notificar que su presentaci\u00f3n se ha completado<\/li>\n<\/ol>\n<p>(<em>Pasos adicionales descritos en el diagrama del flujo del procedimiento siguiente.<\/em>)<\/p>\n<div class=\"prpl-row\">\n<figure class=\"responsive-image-holder wp-caption alignnone\"><img decoding=\"async\" class=\"mlt-responsive-image\" data-original-image=\"\/creehs\/wp-content\/uploads\/sites\/145\/2025\/03\/FCC-Spanish-Process-Flow-3.20.25.jpg\" src=\"\/responsive-media\/cache\/creehs\/wp-content\/uploads\/sites\/145\/2025\/03\/FCC-Spanish-Process-Flow-3.20.25.jpg.0.1x.generic.jpg\"\/><\/figure>\n<\/div>\n<p><strong>Documentos relacionados<\/strong><\/p>\n<p><a href=\"http:\/\/www.montclair.edu\/creehs\/wp-content\/uploads\/sites\/145\/2025\/03\/Spanish-Star-Rating-Readiness-Checklist-FCCs-3.14.25-1.pdf\">Lista de Verificaci\u00f3n de Preparaci\u00f3n para Calificaci\u00f3n por Estrellas &#8211; 14 de marzo, 2025<\/a> (PDF)<\/p><\/div><\/div>\n<div class=\"prpl-drawer\"><div class=\"prpl-drawer-header\">FCC Streamlined Re-ratings<\/div><div class=\"prpl-drawer-content\">\n<p><span style=\"font-weight: 400\">To initiate an FCC streamlined re-rating:<\/span><\/p>\n<ol>\n<li>Complete the <a href=\"http:\/\/www.montclair.edu\/creehs\/wp-content\/uploads\/sites\/145\/2025\/03\/Streamlined-Re-rating-Readiness-Checklist-FCCs-3.14.25.pdf\">Streamlined Re-rating Readiness Checklist for FCCs<\/a><\/li>\n<li><span style=\"font-weight: 400\">Upload Checklist to <\/span><a href=\"https:\/\/njccis.com\/njccis\/home\"><span style=\"font-weight: 400\">NJCCIS<\/span><\/a><span style=\"font-weight: 400\"> with training records for the provider, any alternate provider, and assistant if working at the program regularly. If seeking a higher Star Rating, also upload any new standards evidence.<\/span><\/li>\n<li><span style=\"font-weight: 400\">Complete \u201cFile for Rating\u201d in the Grow NJ Kids dashboard of NJCCIS and email <\/span><a href=\"mailto:GNJKRating@montclair.edu\"><span style=\"font-weight: 400\">Grow NJ Kids Rating<\/span><\/a><span style=\"font-weight: 400\"> to notify of submission<\/span><\/li>\n<\/ol>\n<p>(Additional steps are specified in the process flow diagram below)<\/p>\n<p><a href=\"http:\/\/www.montclair.edu\/creehs\/wp-content\/uploads\/sites\/145\/2025\/03\/Streamlined-FCC-Process-Flow-3.20.25.jpg\"><img loading=\"lazy\" decoding=\"async\" src=\"http:\/\/www.montclair.edu\/creehs\/wp-content\/uploads\/sites\/145\/2025\/03\/Streamlined-FCC-Process-Flow-3.20.25-756x1024.jpg\" alt=\"\" width=\"756\" height=\"1024\" \/><\/a><\/p>\n<p>&nbsp;<\/p>\n<p>(Click to Enlarge)<\/p>\n<p><strong>Related Documents<\/strong><\/p>\n<ul>\n<li><a href=\"http:\/\/www.montclair.edu\/creehs\/wp-content\/uploads\/sites\/145\/2025\/03\/Streamlined-Re-rating-Readiness-Checklist-FCCs-3.14.25.pdf\">Streamlined Re-rating Readiness Checklist for FCCs \u2013 March 14, 2025<\/a> (PDF)<\/li>\n<\/ul>\n<\/div><\/div>\n<div class=\"prpl-drawer\"><div class=\"prpl-drawer-header\">Recalificaciones simplificadas para FCC<\/div><div class=\"prpl-drawer-content\">\n<p>Para iniciar una recalificaci\u00f3n simplificada para FCC:<\/p>\n<ol>\n<li>Completar <a href=\"http:\/\/www.montclair.edu\/creehs\/wp-content\/uploads\/sites\/145\/2025\/03\/Streamlined-Re-rating-Readiness-Checklist-FCC-Spanish-3.14.25-1.pdf\">la Lista de verificaci\u00f3n para la recalificaci\u00f3n simplificada para FCCs<\/a><\/li>\n<li>Cargar la Lista de verificaci\u00f3n a <a href=\"https:\/\/njccis.com\/njccis\/home\">NJCCIS<\/a> con la evidencia de capacitaciones para el proveedor, cualquier proveedor alternativo, y asistente si trabaja regularmente en su programa. Si est\u00e1 solicitando una Calificaci\u00f3n por estrellas m\u00e1s alta, tambi\u00e9n cargue cualquier evidencia requerida por los est\u00e1ndares.<\/li>\n<li>Completar \u2018File for Rating\u2019 en la consola de Grow NJ Kids en NJCCIS y mandar un correo electr\u00f3nico a <a href=\"mailto:GNJKRating@montclair.edu\">Grow NJ Kids Rating<\/a> para notificar que su presentaci\u00f3n se ha completado<\/li>\n<\/ol>\n<p>(Pasos adicionales est\u00e1n descritos en el diagrama de flujo siguiente)<\/p>\n<p><a href=\"http:\/\/www.montclair.edu\/creehs\/wp-content\/uploads\/sites\/145\/2025\/03\/Streamlined-FCC-Spanish-Process-Flow-3.20.25.jpg\"><img loading=\"lazy\" decoding=\"async\" src=\"http:\/\/www.montclair.edu\/creehs\/wp-content\/uploads\/sites\/145\/2025\/03\/Streamlined-FCC-Spanish-Process-Flow-3.20.25-675x1024.jpg\" alt=\"\" width=\"415\" height=\"630\" \/><\/a><\/p>\n<p>&nbsp;<\/p>\n<p>&#8220;Click para ampliar&#8221;<\/p>\n<p><strong>Documentos relacionados<\/strong><\/p>\n<ul>\n<li><a href=\"http:\/\/www.montclair.edu\/creehs\/wp-content\/uploads\/sites\/145\/2025\/03\/Streamlined-Re-rating-Readiness-Checklist-FCC-Spanish-3.14.25-1.pdf\">Lista de verificaci\u00f3n para la recalificaci\u00f3n simplificada para FCCs \u2013 14 de marzo, 2025<\/a>\u00a0(PDF)<\/li>\n<\/ul>\n<\/div><\/div>\n","protected":false},"excerpt":{"rendered":"","protected":false},"author":37,"featured_media":180,"parent":0,"menu_order":7,"comment_status":"closed","ping_status":"closed","template":"","meta":{"inline_featured_image":false,"footnotes":""},"class_list":["post-247","page","type-page","status-publish","has-post-thumbnail","hentry"],"_links":{"self":[{"href":"https:\/\/www.montclair.edu\/creehs\/wp-json\/wp\/v2\/pages\/247","targetHints":{"allow":["GET"]}}],"collection":[{"href":"https:\/\/www.montclair.edu\/creehs\/wp-json\/wp\/v2\/pages"}],"about":[{"href":"https:\/\/www.montclair.edu\/creehs\/wp-json\/wp\/v2\/types\/page"}],"author":[{"embeddable":true,"href":"https:\/\/www.montclair.edu\/creehs\/wp-json\/wp\/v2\/users\/37"}],"replies":[{"embeddable":true,"href":"https:\/\/www.montclair.edu\/creehs\/wp-json\/wp\/v2\/comments?post=247"}],"version-history":[{"count":33,"href":"https:\/\/www.montclair.edu\/creehs\/wp-json\/wp\/v2\/pages\/247\/revisions"}],"predecessor-version":[{"id":727,"href":"https:\/\/www.montclair.edu\/creehs\/wp-json\/wp\/v2\/pages\/247\/revisions\/727"}],"wp:featuredmedia":[{"embeddable":true,"href":"https:\/\/www.montclair.edu\/creehs\/wp-json\/wp\/v2\/media\/180"}],"wp:attachment":[{"href":"https:\/\/www.montclair.edu\/creehs\/wp-json\/wp\/v2\/media?parent=247"}],"curies":[{"name":"wp","href":"https:\/\/api.w.org\/{rel}","templated":true}]}}