{"id":273,"date":"2017-09-20T18:41:45","date_gmt":"2017-09-20T18:41:45","guid":{"rendered":"https:\/\/www.montclair.edu\/john-j-cali-school-of-music\/?page_id=273"},"modified":"2026-01-22T12:54:26","modified_gmt":"2026-01-22T17:54:26","slug":"music-history","status":"publish","type":"page","link":"https:\/\/www.montclair.edu\/john-j-cali-school-of-music\/about-the-cali-school\/faculty-leadership\/music-history\/","title":{"rendered":"Music History"},"content":{"rendered":"<div class=\"prpl-row\"><div class=\"prpl-column one-fourth\">\n<figure class=\"responsive-image-holder wp-caption alignnone\"><a href=\"https:\/\/www.montclair.edu\/john-j-cali-school-of-music\/wp-content\/uploads\/sites\/30\/2025\/08\/Batstone.BW_.jpg\"><img decoding=\"async\" class=\"mlt-responsive-image\" data-original-image=\"\/john-j-cali-school-of-music\/wp-content\/uploads\/sites\/30\/2025\/08\/Batstone.BW_.jpg\" src=\"\/responsive-media\/cache\/john-j-cali-school-of-music\/wp-content\/uploads\/sites\/30\/2025\/08\/Batstone.BW_.jpg.0.1x.generic.jpg\" alt=\"Leah Batstone\"\/><\/a><\/figure>\n<\/div><div class=\"prpl-column three-fourths\"><br \/>\n<strong>Leah Batstone<br \/>\n<\/strong>Music History Area Coordinator<br \/>\nGeneral Education Area Coordinator<br \/>\nProfessor of Music<br \/>\nMusic History<br \/>\nChapin Hall 244<br \/>\n<a href=\"mailto:batstonel@montclair.edu\">batstonel@montclair.edu<\/a><br \/>\n<div class=\"prpl-drawer\"><div class=\"prpl-drawer-header\">Bio<\/div><div class=\"prpl-drawer-content\">\n<div>\n<p><b>Leah Batstone<\/b>\u00a0is\u00a0a historical musicologist working at the intersections of art music, politics, and philosophy in Central and Eastern Europe. Her first book,\u00a0<i>Mahler&#8217;s Nietzsche: Politics and Philosophy in the\u00a0<\/i>Wunderhorn<i>\u00a0Symphonies<\/i>\u00a0was published by Boydell and Brewer in 2023. As a scholar of art music in Ukraine, she is currently\u00a0working on her second monograph concerning musical modernism in Ukraine and a handbook to the yet-unpublished Symphony No. 1 of Ukraine&#8217;s first woman composer, Stefania Turkevych.\u00a0Along with Peter Schmelz, she is also co-editing the volume\u00a0<i>Perspectives on Ukrainian Music<\/i>\u00a0for Indiana University Press.\u00a0Her research has been\u00a0published in the\u00a0<i>Journal of the Royal Musical\u00a0<\/i><i>Association<\/i>,\u00a0<i>Music and Letters<\/i>,\u00a0<i>19th-Century Music<\/i>, and\u00a0<i>Musicology Now<\/i>, the peer-reviewed digital platform of the American Musicological Society. Her forthcoming article in the\u00a0<i>Journal of the American Musicological Society\u00a0<\/i>considers Ukrainian modernism against broader questions of imperial narratives of music history.\u00a0<span style=\"color: #201f1e\">She\u00a0<\/span>is currently organizing a special issue of\u00a0<i>Musicologica Austriaca<\/i>\u00a0on Ukraine in music history with Rutger Helmers, whose contributions came out of the international conference \u201cUkraine in Music History: A Reassessment,\u201d \u00a0which she co-organized at the University of Vienna in May 2023. In April 2024, she also co-organized the conference \u201cUkrainian Musical Avant-Gardes:\u00a0From the 1910s to the Present\u201d at Sorbonne University (Paris) with Louisa Chevalier-Martin.<\/p>\n<p>Currently completing a position as a Visiting Scholar at the Jordan Center at New York University, Dr. Batstone received her Master&#8217;s degree from the University of Oxford and her PhD from McGill University in Montreal, during which time she was also a Fulbright scholar at the University of Vienna.\u00a0From 2021 to 2024, she was one of only sixteen recipients of the\u00a0REWIRE postdoctoral fellowship, a Marie Sklodowska Curie Actions project COFUND supported by the European Commission, at the University of Vienna.\u00a0She has helding teaching positions at Baldwin Wallace University&#8217;s\u00a0Conservatory of Music, The Ohio State University, and Hunter College, City University of New York.\u00a0In addition to her scholarly work, Dr. Batstoneis the founder and Creative Director of the annual New York-based Ukrainian Contemporary Music Festival. Every spring, the<span style=\"font-family: arial, sans-serif\">\u00a0festival, which began in 2020, presents Ukraine&#8217;s unique contributions to new music through the presentation of a concert series and academic discussions. The festival, which\u00a0<\/span>has been profiled in outlets such as\u00a0<i>The New Yorker<\/i>\u00a0and\u00a0<i>The New York Times,<\/i>\u00a0is responsible for the performance of several world premieres and numerous American premieres of new music by Ukrainian composers and works with some of the city&#8217;s top new music performers, including members of Talea, Ekmeles, TAK ensemble, The Rhythm Method, PinkNoise, and Bergamot Quartet.<\/p>\n<\/div>\n<\/div><\/div><\/div><\/div>\n<div class=\"prpl-row\"><div class=\"prpl-column one-fourth\">\n<figure class=\"responsive-image-holder wp-caption alignnone\"><\/figure>\n<\/div><div class=\"prpl-column three-fourths\"><br \/>\n<strong>Beatriz Goubert Burgos<br \/>\n<\/strong>Adjunct Professor<br \/>\nMusic History<br \/>\n<a rel=\"noopener\" href=\"mailto:goubertburgb@montclair.edu\" target=\"_blank\">goubertburgb@montclair.edu<\/a><br \/>\n<div class=\"prpl-drawer\"><div class=\"prpl-drawer-header\">Bio<\/div><div class=\"prpl-drawer-content\">\n<p><span style=\"color: #333333\"><strong>Beatriz Goubert Burgos<\/strong> biography to come soon.<\/span><br \/>\n<\/p><\/div><\/div><\/p><\/div><\/p><\/div>\n<div class=\"prpl-row\"><div class=\"prpl-column one-fourth\">\n<figure class=\"responsive-image-holder wp-caption alignnone\"><a href=\"https:\/\/www.montclair.edu\/john-j-cali-school-of-music\/wp-content\/uploads\/sites\/30\/2023\/08\/DW2_Mike_Peters_110409_2672_WittenD.jpg.1.2x.generic.jpg\"><img decoding=\"async\" class=\"mlt-responsive-image\" data-original-image=\"\/john-j-cali-school-of-music\/wp-content\/uploads\/sites\/30\/2023\/08\/DW2_Mike_Peters_110409_2672_WittenD.jpg.1.2x.generic.jpg\" src=\"\/responsive-media\/cache\/john-j-cali-school-of-music\/wp-content\/uploads\/sites\/30\/2023\/08\/DW2_Mike_Peters_110409_2672_WittenD.jpg.1.2x.generic.jpg.0.1x.generic.jpg\"\/><\/a><\/figure>\n<\/div><div class=\"prpl-column three-fourths\"><br \/>\n<strong>David Witten<\/strong><br \/>\nProfessor of Music<br \/>\nPiano; Keyboard Studies Coordinator<br \/>\nMusic History<br \/>\n973-655-4379<br \/>\nChapin G6<br \/>\n<a href=\"mailto:wittend@mail.montclair.edu\">wittend@montclair.edu<\/a><br \/>\n<a rel=\"noopener noreferrer\" href=\"http:\/\/www.davidwitten.com\/\" target=\"_blank\">David Witten &#8211; Website<\/a><br \/>\n<div class=\"prpl-drawer\"><div class=\"prpl-drawer-header\">Bio<\/div><div class=\"prpl-drawer-content\">\n<p>Pianist <strong>David Witten<\/strong> has performed extensively in Europe, Russia and South America. As a 1990 Fulbright Scholar, he spent five months in Brazil. Witten has recorded piano music of various Latin American composers. Witten&#8217;s involvement in music has not been limited to performance. He is editor of <em>Nineteenth-Century Piano Music: Essays in Performance and Analysis<\/em> (Garland, 1997), which includes his landmark analytical study of the Chopin Ballades. Born in Baltimore, Witten studied at Peabody Conservatory and Rubin Academy of Music in Jerusalem. His undergraduate studies at Johns Hopkins University led to a degree in Psychology. Later graduating with high honors from Boston University, he earned the DMA degree in piano performance. Witten is currently Coordinator of Keyboard Studies at the Cali School of Music at Montclair State University.<br \/>\n<\/p><\/div><\/div><\/p><\/div><\/p><\/div>\n<div class=\"prpl-row\"><div class=\"prpl-column one-fourth\">\n<figure class=\"responsive-image-holder wp-caption alignnone\"><a href=\"https:\/\/www.montclair.edu\/john-j-cali-school-of-music\/wp-content\/uploads\/sites\/30\/2025\/08\/Elizabeth-Frickey-headshot.png\"><img decoding=\"async\" class=\"mlt-responsive-image\" data-original-image=\"\/john-j-cali-school-of-music\/wp-content\/uploads\/sites\/30\/2025\/08\/Elizabeth-Frickey-headshot.png\" src=\"\/responsive-media\/cache\/john-j-cali-school-of-music\/wp-content\/uploads\/sites\/30\/2025\/08\/Elizabeth-Frickey-headshot.png.0.1x.generic.jpg\" alt=\"Elizabeth Frickey\"\/><\/a><\/figure>\n<\/div><div class=\"prpl-column three-fourths\"><br \/>\n<strong>Elizabeth Frickey<\/strong><br \/>\nAdjunct Professor<br \/>\nMusic History<br \/>\n<a href=\"mailto:frickeye@montclair.edu\">frickeye@montclair.edu<\/a><br \/>\n<div class=\"prpl-drawer\"><div class=\"prpl-drawer-header\">Bio<\/div><div class=\"prpl-drawer-content\">\n<p><strong>Elizabeth Frickey<\/strong> is a Ph.D. candidate and MacCracken Fellow studying musicology at New York University. Prior to her studies at NYU, she earned her master\u2019s degree in musicology at Indiana University and her bachelor\u2019s degree in music education from Florida State University. Her dissertation project examines the cultural, ecological, and political impact of community gardens and other NYC\u00a0 greenspaces through the lens of music and sound. Elizabeth has presented her research in numerous national and international settings, including annual meetings of the Society for American Music; the American Musicological Society; the Society for Ethnomusicology; the Association for the Study of Literature and Environment; the Society for Literature, Science, and the Arts; the Music Studies and the Anthropocene Research Network; and the 2023 Music, Research, and Activism Conference held in Helsinki. Her writing has also been published in numerous forums including <em>Jazz &amp; Culture,<\/em> the <em>Journal of Jazz Studies, Women &amp; Music: A Journal of Gender and Culture<\/em>, and <em>Journal SEAMUS<\/em>.<br \/>\n<\/p><\/div><\/div><\/p><\/div><\/p><\/div>\n<div class=\"prpl-row\"><div class=\"prpl-column one-fourth\">\n<figure class=\"responsive-image-holder wp-caption alignnone\"><a href=\"https:\/\/www.montclair.edu\/john-j-cali-school-of-music\/wp-content\/uploads\/sites\/30\/2022\/09\/jeffreygallphoto.000.jpg.1.2x.generic.jpg\"><img decoding=\"async\" class=\"mlt-responsive-image\" data-original-image=\"\/john-j-cali-school-of-music\/wp-content\/uploads\/sites\/30\/2022\/09\/jeffreygallphoto.000.jpg.1.2x.generic.jpg\" src=\"\/responsive-media\/cache\/john-j-cali-school-of-music\/wp-content\/uploads\/sites\/30\/2022\/09\/jeffreygallphoto.000.jpg.1.2x.generic.jpg.0.1x.generic.jpg\"\/><\/a><\/figure>\n<\/div><div class=\"prpl-column three-fourths\"><br \/>\n<strong>Jeffrey Gall<\/strong><br \/>\nProfessor of Music<br \/>\nMusic History<br \/>\n973-655-7213<br \/>\nChapin Hall G39<br \/>\n<a href=\"mailto:gallj@mail.montclair.edu\">gallj@montclair.edu<\/a><br \/>\n<div class=\"prpl-drawer\"><div class=\"prpl-drawer-header\">Bio<\/div><div class=\"prpl-drawer-content\">\n<p><strong>Jeffrey Gall<\/strong> made his Metropolitan Opera debut in 1988 &#8211; the first countertenor ever to sing at the Met. He sang Tolomeo in Handel&#8217;s <em>Giulio Cesare<\/em>, and in 1994 returned to the Met for Britten&#8217;s <em>Death in Venice<\/em>. He studied voice at the Yale School of Music with Blake Stern, and holds degrees in Slavic languages from Princeton and Yale Universities. He sang with such early music ensembles as the Waverly Consort and Pomerium Musices early in his career and then moved on to solo roles in Baroque and contemporary opera. He has sung principal roles at La Scala, Teatro San Carlo (Naples) and La Fenice in Italy; the Th\u00e9\u00e2tre des Champs-\u00c9lys\u00e9es and the Salle Garnier in France; the Monnaie in Brussels; the Netherlands Opera; the Cologne and Frankfurt Operas in Germany; the Canadian Opera, as well as the Spoleto, Edinburgh, Innsbruck, Halle, Schwetzingen, and Bordeaux Festivals. In the United States he has sung at the San Francisco, Chicago Lyric, Santa Fe, Los Angeles, Dallas, Philadelphia, and Boston Operas, and has made many concert appearances at Lincoln Center and Carnegie Hall in New York, as well as at the Kennedy Center in Washington. He has recorded for CBS, Harmonia Mundi, Erato, Nonesuch, Titanic and Smithsonian Records, and appears in the title role on the London video of Peter Sellars&#8217; production of Handel&#8217;s <em>Giulio Cesare<\/em>. Prof. Gall has conducted clinics and master classes in both standard repertory and early-music techniques at music schools across the United States. In addition, he is a founding member of the Italian vocal ensemble Il Terzo Suono.<br \/>\n<\/p><\/div><\/div><\/p><\/div><\/p><\/div>\n<div class=\"prpl-row\"><div class=\"prpl-column one-fourth\">\n<figure class=\"responsive-image-holder wp-caption alignnone\"><a href=\"https:\/\/www.montclair.edu\/john-j-cali-school-of-music\/wp-content\/uploads\/sites\/30\/2025\/08\/Oksana-Nesterenko.jpeg\"><img decoding=\"async\" class=\"mlt-responsive-image\" data-original-image=\"\/john-j-cali-school-of-music\/wp-content\/uploads\/sites\/30\/2025\/08\/Oksana-Nesterenko.jpeg\" src=\"\/responsive-media\/cache\/john-j-cali-school-of-music\/wp-content\/uploads\/sites\/30\/2025\/08\/Oksana-Nesterenko.jpeg.0.1x.generic.jpg\" alt=\"Oksana Nesterenko\"\/><\/a><\/figure>\n<\/div><div class=\"prpl-column three-fourths\"><br \/>\n<strong>Oksana Nesterenko<\/strong><br \/>\nAdjunct Professor<br \/>\nMusic History<br \/>\n<a href=\"mailto:nesterenkoo@montclair.edu\">nesterenkoo@montclair.edu<\/a><br \/>\n<div class=\"prpl-drawer\"><div class=\"prpl-drawer-header\">Bio<\/div><div class=\"prpl-drawer-content\">\n<p><strong>Oksana Nesterenko<\/strong> is a musicologist specializing in twentieth- and twenty-first-century music and postcolonial studies. She earned a PhD in Music History and Theory at Stony Brook University in 2021. Her current book project, <em>A Forbidden Fruit? Sacred Music in the USSR before its Fall<\/em>, was supported by the National Endowment for the Humanities, the American Council of Learned Societies, the Association for the Advancement of Baltic Studies, and the American Research Institute of the South Caucasus. The forthcoming book redefines the concept of contemporary sacred music and explores art music with religious<br \/>\nthemes in Armenia, Estonia, Ukraine, and Russia. Dr. Nesterenko\u2019s writing has been published in <em>Perspectives of New Music, Yale Journal of Music<\/em> <em>&amp; Religion, Musicology Now, the Claquers,<\/em> and other publications. She is a host and a co-founder of <em>Extended Techniques<\/em>, a podcast and blog about contemporary music in New York.<br \/>\n<\/p><\/div><\/div><\/p><\/div><\/p><\/div>\n<div class=\"prpl-row\"><div class=\"prpl-column one-fourth\">\n<figure class=\"responsive-image-holder wp-caption alignnone\"><a href=\"https:\/\/www.montclair.edu\/john-j-cali-school-of-music\/wp-content\/uploads\/sites\/30\/2025\/08\/CaraTurnbull.jpg\"><img decoding=\"async\" class=\"mlt-responsive-image\" data-original-image=\"\/john-j-cali-school-of-music\/wp-content\/uploads\/sites\/30\/2025\/08\/CaraTurnbull.jpg\" src=\"\/responsive-media\/cache\/john-j-cali-school-of-music\/wp-content\/uploads\/sites\/30\/2025\/08\/CaraTurnbull.jpg.0.1x.generic.jpg\" alt=\"Cara Turnbull\"\/><\/a><\/figure>\n<\/div><div class=\"prpl-column three-fourths\"><br \/>\n<strong>Cara Turnbull\u00a0<\/strong><br \/>\nAdjunct Professor<br \/>\nMusic History<br \/>\n<a href=\"mailto:turnbullc@montclair.edu\">turnbullc@montclair.edu<\/a><br \/>\n<div class=\"prpl-drawer\"><div class=\"prpl-drawer-header\">Bio<\/div><div class=\"prpl-drawer-content\">\n<p><strong>Cara Turnbull<\/strong> is a musicologist specializing in music cognition and empirical musicology. She received her Ph.D. in music from Princeton University, where she held graduate fellowships in both the Program in Cognitive Science and the Center for Digital Humanities. She also has an M.A. in Music, Science, and Technology from Stanford University and a Bachelor of Music in Music Performance (double bass) and Sound Recording Technology from Ithaca College. Most recently, Cara&#8217;s research has focused on music-evoked imaginings, including daydreams and autobiographical memories triggered by music. She has presented research in this area at national and international conferences, including at the Society for Music Perception and Cognition, the International Conference on Music Perception and Cognition, and the Society for Music Theory.<br \/>\n<\/p><\/div><\/div><\/p><\/div><\/p><\/div>\n<div class=\"prpl-row\"><div class=\"prpl-column one-fourth\">\n<figure class=\"responsive-image-holder wp-caption alignnone\"><\/figure>\n<\/div><div class=\"prpl-column three-fourths\"><br \/>\n<strong>Ivan Sturm<\/strong><br \/>\nAdjunct Professor<br \/>\nMusic History<br \/>\n<a href=\"mailto:sturmi@montclair.edu\">sturmi@montclair.edu<\/a><br \/>\n<div class=\"prpl-drawer\"><div class=\"prpl-drawer-header\">Bio<\/div><div class=\"prpl-drawer-content\">\n<p><strong>Ivan Sturm <\/strong>bio to come soon.<br \/>\n<\/p><\/div><\/div><\/p><\/div><\/p><\/div>\n<p>&nbsp;<\/p>\n","protected":false},"excerpt":{"rendered":"<p>&nbsp;<\/p>\n","protected":false},"author":23,"featured_media":748,"parent":168,"menu_order":12,"comment_status":"closed","ping_status":"closed","template":"","meta":{"inline_featured_image":false,"footnotes":""},"class_list":["post-273","page","type-page","status-publish","has-post-thumbnail","hentry"],"_links":{"self":[{"href":"https:\/\/www.montclair.edu\/john-j-cali-school-of-music\/wp-json\/wp\/v2\/pages\/273","targetHints":{"allow":["GET"]}}],"collection":[{"href":"https:\/\/www.montclair.edu\/john-j-cali-school-of-music\/wp-json\/wp\/v2\/pages"}],"about":[{"href":"https:\/\/www.montclair.edu\/john-j-cali-school-of-music\/wp-json\/wp\/v2\/types\/page"}],"author":[{"embeddable":true,"href":"https:\/\/www.montclair.edu\/john-j-cali-school-of-music\/wp-json\/wp\/v2\/users\/23"}],"replies":[{"embeddable":true,"href":"https:\/\/www.montclair.edu\/john-j-cali-school-of-music\/wp-json\/wp\/v2\/comments?post=273"}],"version-history":[{"count":59,"href":"https:\/\/www.montclair.edu\/john-j-cali-school-of-music\/wp-json\/wp\/v2\/pages\/273\/revisions"}],"predecessor-version":[{"id":217019,"href":"https:\/\/www.montclair.edu\/john-j-cali-school-of-music\/wp-json\/wp\/v2\/pages\/273\/revisions\/217019"}],"up":[{"embeddable":true,"href":"https:\/\/www.montclair.edu\/john-j-cali-school-of-music\/wp-json\/wp\/v2\/pages\/168"}],"wp:featuredmedia":[{"embeddable":true,"href":"https:\/\/www.montclair.edu\/john-j-cali-school-of-music\/wp-json\/wp\/v2\/media\/748"}],"wp:attachment":[{"href":"https:\/\/www.montclair.edu\/john-j-cali-school-of-music\/wp-json\/wp\/v2\/media?parent=273"}],"curies":[{"name":"wp","href":"https:\/\/api.w.org\/{rel}","templated":true}]}}