{"id":987,"date":"2018-11-30T15:00:24","date_gmt":"2018-11-30T20:00:24","guid":{"rendered":"http:\/\/www.montclair.edu\/modern-languages-and-literatures\/?page_id=987"},"modified":"2026-03-13T13:54:04","modified_gmt":"2026-03-13T17:54:04","slug":"french-day","status":"publish","type":"page","link":"https:\/\/www.montclair.edu\/modern-languages-and-literatures\/programs-of-study\/french\/french-day\/","title":{"rendered":"French Day"},"content":{"rendered":"<h2>French Day 2026: &#8220;Coupe\/s du monde&#8221; (March 20)<\/h2>\n<div class=\"prpl-row\"><div class=\"prpl-column two-thirds\">\n<p>Join us for a half-day program of interactive workshops in French! Intended for students with at least two years of experience in the language, this immersion program incorporates interactive learning techniques designed to build vocabulary and improve comprehension skills. This year\u2019s theme (<em>Coupe\/s du Monde<\/em>) celebrates the arrival of the World Cup to our region this summer while playing on the many senses of the word \u201ccoupe\u201d and \u201ccouper\u201d in order to provide participants with a cross-section of contexts in which French is used in the world today (tapping maple syrup, dance moves, acts of independence, fashionable \u201ccuts\u201d of clothing, trophies, and more).<\/p>\n<p><a href=\"https:\/\/forms.gle\/3uegpDPfrX82tW1t6\">Please register here<\/a> as soon as possible and no later than <strong>February 13<\/strong>. Space is limited and confirmed on a &#8220;first come, first served&#8221; basis once payment is received.<\/p>\n<\/div> <div class=\"prpl-column one-third\">\n<p><span class=\"prpl-button\"><a href=\"http:\/\/www.montclair.edu\/modern-languages-and-literatures\/wp-content\/uploads\/sites\/177\/2025\/10\/French-Day-2026.pdf\">Printable French Day 2026 program<\/a><\/span><\/p><\/div><div class=\"prpl-column one-third\"><span class=\"prpl-button\"><a href=\"https:\/\/www.montclair.edu\/modern-languages-and-literatures\/programs-of-study\/french\/french-day\/french-day-registration-and-payment-info\/\">Registration Forms<\/a><\/span>\n<\/div><\/div>\n<div class=\"prpl-row\"><div class=\"prpl-column one-half\">\n<p><strong>French Day 2026 Schedule<br \/>\n<\/strong><\/p>\n<p style=\"text-align: left\"><strong>9:00-9:15<\/strong> <strong>AM: <\/strong>Welcoming remarks and logistics<br \/>\n<strong>9:30-10:20<\/strong> <strong>AM and 10:30-11:20 AM: <\/strong>Workshops<br \/>\n<strong>11:20-12:10<\/strong> <strong>PM:<\/strong> Lunch<br \/>\n<strong>12:15-1:30<\/strong> <strong>PM:<\/strong> Film Competition (see description below).<\/p>\n<p style=\"text-align: left\"><\/p><\/div><div class=\"prpl-column one-half\">\n<figure class=\"responsive-image-holder wp-caption alignnone\"><img decoding=\"async\" class=\"mlt-responsive-image\" data-original-image=\"\/modern-languages-and-literatures\/wp-content\/uploads\/sites\/177\/2025\/10\/Paix-CoPilot.jpg\" src=\"\/responsive-media\/cache\/modern-languages-and-literatures\/wp-content\/uploads\/sites\/177\/2025\/10\/Paix-CoPilot.jpg.0.1x.generic.jpg\"\/><\/figure>\n<\/div><\/p><\/div>\n<hr \/>\n<h3><strong>2026 Workshops<br \/>\n<\/strong><\/h3>\n<h4><em>La coupe sucr\u00e9e<\/em>: D\u00e9couverte du Qu\u00e9bec et du <em>sirop d\u2019\u00e9rable<\/em><\/h4>\n<p><em>Dr. Pascale LaFountain, Montclair State University<\/em><\/p>\n<p>In this workshop, students will explore the Qu\u00e9becois tradition of making <em>le sirop d&#8217;\u00e9rable<\/em> [maple syrup]. Through French-language activities, they will learn about the process of tapping maple trees (<em>la coupe<\/em>), collecting sap, and transforming it into syrup and sugar. Students will practice vocabulary related to nature, seasons, and cultural heritage while engaging with the rhythms of Qu\u00e9bec\u2019s springtime. The workshop concludes with sensory and creative activities inspired by the sugar shack experience. Accessible to all levels of French.<\/p>\n<h4>Song, Dance and Pop Culture in Francophone Africa<\/h4>\n<p><em>Dr. Daniel Mengara, Montclair State University<\/em><\/p>\n<p>This presentation uses short film and video excerpts to show the transition from sung and spoken African culture to the culture of song and dance now practiced in youth pop culture throughout Francophone African cities. It shows how youth in Sub-Saharan Francophone countries have engaged in transpositions, adaptations, reappropriations and modernization of traditional musical African genres even as they have embraced such popular music styles and genres as Hip-Hop and Rap. This session may include African dance demonstrations and contests by representatives of the schools in attendance. Accessible to all levels of French.<\/p>\n<h4>La \u201ccoupe\u201d de la mode 2026: Paris Fashion Week<\/h4>\n<p><em>Ann Stanley-Ayre and Izabela Abrahamyan, Montclair State University<\/em><\/p>\n<p>\u201cLa coupe\u201d has numerous meanings in French, including \u201ccup\u201d (prize) for sports and \u201ccut\u201d as in fashion! We will explore the latter meaning in this workshop, as we discover \u201cLa Semaine des cr\u00e9ateurs de la mode,\u201d the official name of \u201cParis Fashion Week\u201d (March 2026).\u00a0 Videos and podcasts will bring the event to life, as will vocabulary and resources for creative design and further exploration. Participants will learn how clothing items are designed and \u201ccut\u201d and then use this knowledge in their very own \u201cCoupe de la mode,\u201d where fashion designs will be evaluated and compared for the top prize of our French Day fashion competition! Accessible to all levels, but most beneficial to those with intermediate and advanced levels of French.<\/p>\n<h4>D\u00e9clarations d&#8217;ind\u00e9pendance au-del\u00e0 des fronti\u00e8res<\/h4>\n<p><em>Bertange S\u00e9v\u00e8re and Dr. Kathleen Loysen, Montclair State University<\/em><\/p>\n<p>In honor of the 250th anniversary of the Declaration of Independence, students will explore the Haitian revolution of 1791, inspired by the fundamental beliefs in liberty and resistance expressed in the 1776 document and in the French <em>D\u00e9claration des droits de l&#8217;homme<\/em>. Successful in their revolt, leaders of the Haitian Revolution established a Republic that would serve as model for other Atlantic colonies. Through creative activities, students will learn new vocabulary to reflect on the meaning of freedom and revolution across cultures, increase their understanding of Haitian culture, and taste a Haitian delicacy. Most accessible to those with intermediate and advanced levels of French.<\/p>\n<h4>FIFA en fran\u00e7ais: La Coupe 2026 et le monde \u00e0 travers le football<\/h4>\n<p><em>Dr. Elizabeth Emery and Maxime Irie Boli, Montclair State University<\/em><\/p>\n<p>In this hands-on workshop, students will explore the global history of FIFA (founded in France in 1904) and the World Cup, with a special focus on the upcoming 2026 North American tournament and its New Jersey matches. Through interactive activities, students will learn key French vocabulary and concepts related to <em>le foot<\/em> and to the cultural impact of the sport, while practicing their French speaking and writing skills. While the weather may not support outdoor events, we\u2019ll engage in some friendly school competitions during this session. Most accessible to those with intermediate and advanced levels of French.<\/p>\n<hr \/>\n<h3><strong>Professional Development<\/strong><\/h3>\n<p>Teachers may enroll for 3 credits of Professional Development on the registration form.<\/p>\n<hr \/>\n<h3><strong>Film Competition<\/strong><\/h3>\n<p>Spring 2026&#8217;s competitive events will consist of ways for intermediate and advanced students to engage with French language and culture while celebrating the 250th anniversary of the Declaration of Independence and its influence on the French and Haitian Revolutions. Prizes will be attributed to the strongest submissions in both categories and screened during the afternoon session.<\/p>\n<h4><strong>Tableaux vivants (for Advanced Students)<\/strong><\/h4>\n<p>Riffing on \u201ctableaux vivants\u201d\u2014a late nineteenth-century parlor game\u2014participants will bring life to a painting or photograph playing with the sense of <strong>\u201ccoupe,\u201d \u201ccoupes,\u201d or declarations of independence in the French-speaking world <\/strong>and produced by a French-speaking artist. The filmed performance of this \u201cliving painting\u201d should last no more than five minutes, including credits, and must have a clear narrative development: beginning, middle, end. Good sources for selecting French paintings include the\u00a0 <a href=\"https:\/\/www.musee-orsay.fr\/fr\/collections\">Mus\u00e9e d\u2019Orsay<\/a>, the <a href=\"http:\/\/centrepompidou.fr\">Centre Pompidou<\/a>, the <a href=\"http:\/\/moma.org\">Museum of Modern Art<\/a>, and <a href=\"https:\/\/commons.wikimedia.org\/wiki\/Category:French_paintings_in_the_Metropolitan_Museum_of_Art\">The Metropolitan Museum of Ar<\/a>t, among many others. The painting will serve as a starting point, but feel free to let your imagination run wild. View the <a href=\"https:\/\/forms.gle\/JcZCe4rgQfkqnQHT6\">\u201cTableaux vivants\u201d submission form<\/a> for more details and registration information. <strong>Submissions due by February 27<\/strong>.<\/p>\n<h4><strong>La Po\u00e9sie en images (for Beginning and Intermediate Students)<\/strong><\/h4>\n<p>Individuals or teams of students should select a poem written in French in which the central tension treats <strong>issues of independence, liberty, freedom, or triumph. <\/strong>They should create a filmed adaptation of that work (no more than 3 minutes including credits). Feel free to use still images, animation, or live action (people, puppets, animals, paper cut-outs, etc). Wheaton College\u2019s \u201cVive Voix\u201d site [<a href=\"https:\/\/wheatoncollege.edu\/vive-voix\/\">https:\/\/wheatoncollege.edu\/vive-voix\/<\/a>] provides a selection of poems with accompanying readings. View the <a href=\"https:\/\/forms.gle\/xQfRNbBRuyUFHZLd8\">\u201cPo\u00e9sie en images\u201d submission form<\/a> for more details and registration information. <strong>Submissions due by February 27<\/strong>.<\/p>\n<p>For more information or questions about French Day 2026: <a href=\"mailto:msufrenchday@gmail.com\">msufrenchday@gmail.com<\/a>).<\/p>\n<hr \/>\n<h3>Archived French Day Programs<\/h3>\n<p style=\"margin: 0in\"><a rel=\"noopener\" href=\"http:\/\/www.montclair.edu\/modern-languages-and-literatures\/wp-content\/uploads\/sites\/177\/2024\/11\/French-Day-2025.pdf\" target=\"_blank\">French Day 2025<\/a><\/p>\n<p style=\"margin: 0in\"><a href=\"http:\/\/www.montclair.edu\/modern-languages-and-literatures\/wp-content\/uploads\/sites\/177\/2024\/11\/French-Day-2024.pdf\">French-Day 2024<\/a><br \/>\n<a href=\"http:\/\/www.montclair.edu\/modern-languages-and-literatures\/2022-french-day\/\">French Day 2022<\/a><br \/>\n<a href=\"http:\/\/www.montclair.edu\/modern-languages-and-literatures\/wp-content\/uploads\/sites\/177\/2019\/11\/French-Day-2020.pdf\">French Day 2020<\/a><br \/>\n<a href=\"http:\/\/www.montclair.edu\/modern-languages-and-literatures\/wp-content\/uploads\/sites\/177\/2018\/12\/French-Day-2019-flyer.pdf\">French Day 2019<\/a><br \/>\n<a href=\"http:\/\/www.montclair.edu\/modern-languages-and-literatures\/wp-content\/uploads\/sites\/177\/2018\/11\/French-Day-2018.pdf\">French Day 2018<\/a><br \/>\n<a href=\"http:\/\/www.montclair.edu\/modern-languages-and-literatures\/wp-content\/uploads\/sites\/177\/2019\/11\/French-Day-2017.pdf\">French Day 2017<\/a><\/p>\n","protected":false},"excerpt":{"rendered":"<p>French Day 2026: &#8220;Coupe\/s du monde&#8221; (March 20) 2026 Workshops La coupe sucr\u00e9e: D\u00e9couverte du Qu\u00e9bec et du sirop d\u2019\u00e9rable Dr. Pascale LaFountain, Montclair State University In this workshop, students will explore the Qu\u00e9becois tradition of making le sirop d&#8217;\u00e9rable [maple syrup]. Through French-language activities, they will learn about the process of tapping maple trees [&hellip;]<\/p>\n","protected":false},"author":137,"featured_media":710,"parent":70,"menu_order":8,"comment_status":"closed","ping_status":"closed","template":"","meta":{"inline_featured_image":false,"footnotes":""},"class_list":["post-987","page","type-page","status-publish","has-post-thumbnail","hentry"],"_links":{"self":[{"href":"https:\/\/www.montclair.edu\/modern-languages-and-literatures\/wp-json\/wp\/v2\/pages\/987","targetHints":{"allow":["GET"]}}],"collection":[{"href":"https:\/\/www.montclair.edu\/modern-languages-and-literatures\/wp-json\/wp\/v2\/pages"}],"about":[{"href":"https:\/\/www.montclair.edu\/modern-languages-and-literatures\/wp-json\/wp\/v2\/types\/page"}],"author":[{"embeddable":true,"href":"https:\/\/www.montclair.edu\/modern-languages-and-literatures\/wp-json\/wp\/v2\/users\/137"}],"replies":[{"embeddable":true,"href":"https:\/\/www.montclair.edu\/modern-languages-and-literatures\/wp-json\/wp\/v2\/comments?post=987"}],"version-history":[{"count":59,"href":"https:\/\/www.montclair.edu\/modern-languages-and-literatures\/wp-json\/wp\/v2\/pages\/987\/revisions"}],"predecessor-version":[{"id":4977,"href":"https:\/\/www.montclair.edu\/modern-languages-and-literatures\/wp-json\/wp\/v2\/pages\/987\/revisions\/4977"}],"up":[{"embeddable":true,"href":"https:\/\/www.montclair.edu\/modern-languages-and-literatures\/wp-json\/wp\/v2\/pages\/70"}],"wp:featuredmedia":[{"embeddable":true,"href":"https:\/\/www.montclair.edu\/modern-languages-and-literatures\/wp-json\/wp\/v2\/media\/710"}],"wp:attachment":[{"href":"https:\/\/www.montclair.edu\/modern-languages-and-literatures\/wp-json\/wp\/v2\/media?parent=987"}],"curies":[{"name":"wp","href":"https:\/\/api.w.org\/{rel}","templated":true}]}}