{"id":848,"date":"2021-05-21T12:42:07","date_gmt":"2021-05-21T16:42:07","guid":{"rendered":"http:\/\/www.montclair.edu\/water-science\/?page_id=848"},"modified":"2021-06-09T17:00:48","modified_gmt":"2021-06-09T21:00:48","slug":"gloeothece","status":"publish","type":"page","link":"https:\/\/www.montclair.edu\/water-science\/freshwater-cyanobacteria-of-new-jersey\/visual-guide-to-cyanobacteria-in-new-jersey\/coccoid\/colonial\/gloeothece\/","title":{"rendered":"Gloeothece"},"content":{"rendered":"<h2>Taxonomy<\/h2>\n<dl class=\"compact\">\n<dt>Order<\/dt>\n<dd>Chroococcales<\/dd>\n<dt>Family<\/dt>\n<dd>Aphanothecaceae<\/dd>\n<dt>Genus<\/dt>\n<dd><em>Gloeothece<\/em><\/dd>\n<\/dl>\n<h2>Examples of <em>Gloeothece<\/em><\/h2>\n<div class=\"prpl-row\"><br \/>\n<div class=\"prpl-column one-half\">\n<figure class=\"responsive-image-holder wp-caption alignnone\"><a href=\"\/water-science\/wp-content\/uploads\/sites\/73\/2021\/05\/gloeothece-2.jpg\"><img decoding=\"async\" class=\"mlt-responsive-image\" data-original-image=\"\/water-science\/wp-content\/uploads\/sites\/73\/2021\/05\/gloeothece-2.jpg\" src=\"\/responsive-media\/cache\/water-science\/wp-content\/uploads\/sites\/73\/2021\/05\/gloeothece-2.jpg.0.1x.generic.jpg\" alt=\"gloeothece (image 2)\"\/><\/a><\/figure>\n<p>400X total magnification; 10 \u03bcm scale bar.<\/p><\/div><div class=\"prpl-column one-half\">\n<figure class=\"responsive-image-holder wp-caption alignnone\"><a href=\"\/water-science\/wp-content\/uploads\/sites\/73\/2021\/05\/gloeothece-3.jpg\"><img decoding=\"async\" class=\"mlt-responsive-image\" data-original-image=\"\/water-science\/wp-content\/uploads\/sites\/73\/2021\/05\/gloeothece-3.jpg\" src=\"\/responsive-media\/cache\/water-science\/wp-content\/uploads\/sites\/73\/2021\/05\/gloeothece-3.jpg.0.1x.generic.jpg\" alt=\"gloeothece (image 3)\"\/><\/a><\/figure>\n<p>400X total magnification; 10 \u03bcm scale bar.<\/p><\/div><div class=\"prpl-column one-half\">\n<figure class=\"responsive-image-holder wp-caption alignnone\"><a href=\"\/water-science\/wp-content\/uploads\/sites\/73\/2021\/05\/gloeothece-1.jpg\"><img decoding=\"async\" class=\"mlt-responsive-image\" data-original-image=\"\/water-science\/wp-content\/uploads\/sites\/73\/2021\/05\/gloeothece-1.jpg\" src=\"\/responsive-media\/cache\/water-science\/wp-content\/uploads\/sites\/73\/2021\/05\/gloeothece-1.jpg.0.1x.generic.jpg\" alt=\"gloeothece (image 1)\"\/><\/a><\/figure>\n<p>400X total magnification.<\/p><\/div><br \/>\n<\/p><\/div>\n<h2>Morphology<\/h2>\n<p>Small groups of cells, irregularly distributed throughout large agglomerations; sometimes surrounded by a common mucilage; forming slimy, gelatinous layers upon substrate. Cells, and groups of cells, surrounded by mucilaginous envelopes; usually concentrically lamellated (layered); clearly delimited; colorless or bluish, violet, reddish, or yellow-brown. Cells are widely oval or rarely rod-shaped; &lt;1 \u03bcm to 15 \u03bcm in length; pale to bright blue-green, olive-green, or violet. Cells do not possess aerotopes.<\/p>\n<h2>Ecology<\/h2>\n<p>Mostly subaerial, growing on wet rocks; a few species occur in aquatic habitats (mostly among algae or aquatic plants, in swamps\/acidic freshwater). The images to the right are of a gelatinous layer formed on the water&#8217;s surface, atop submerged aquatic plants in a large freshwater aquarium tank.<\/p>\n<h2>References<\/h2>\n<ul>\n<li>Johansen, J. R., &amp; Kom\u00e1rek, J. (2015). Coccoid Cyanobacteria. In J. D. Wehr, R. G. Sheath, &amp; J. P. Kociolek (Eds.), <em>Freshwater Algae of North America: Ecology and Classification<\/em> (2nd ed., pp. 105-107). Waltham, MA: Elsevier.<\/li>\n<li>Kom\u00e1rek, J. &amp; Anagnostidis, K. (2008). Cyanoprokaryota-1. Teil\/Part 1: Chroococcales. In H. Ettl, G. G\u00e4rtner, H. Heynig, &amp; D. Mollenhauer (Eds.), <em>S\u00fc\u00dfwasserflora von Mitteleuropa<\/em> (Vol. 19\/1, p. 92). Heidelberg, Germany: Spektrum.<\/li>\n<\/ul>\n","protected":false},"excerpt":{"rendered":"<p>Taxonomy Order Chroococcales Family Aphanothecaceae Genus Gloeothece Examples of Gloeothece Morphology Small groups of cells, irregularly distributed throughout large agglomerations; sometimes surrounded by a common mucilage; forming slimy, gelatinous layers upon substrate. Cells, and groups of cells, surrounded by mucilaginous envelopes; usually concentrically lamellated (layered); clearly delimited; colorless or bluish, violet, reddish, or yellow-brown. Cells [&hellip;]<\/p>\n","protected":false},"author":34,"featured_media":611,"parent":815,"menu_order":5,"comment_status":"closed","ping_status":"closed","template":"","meta":{"inline_featured_image":false,"footnotes":""},"class_list":["post-848","page","type-page","status-publish","has-post-thumbnail","hentry"],"_links":{"self":[{"href":"https:\/\/www.montclair.edu\/water-science\/wp-json\/wp\/v2\/pages\/848","targetHints":{"allow":["GET"]}}],"collection":[{"href":"https:\/\/www.montclair.edu\/water-science\/wp-json\/wp\/v2\/pages"}],"about":[{"href":"https:\/\/www.montclair.edu\/water-science\/wp-json\/wp\/v2\/types\/page"}],"author":[{"embeddable":true,"href":"https:\/\/www.montclair.edu\/water-science\/wp-json\/wp\/v2\/users\/34"}],"replies":[{"embeddable":true,"href":"https:\/\/www.montclair.edu\/water-science\/wp-json\/wp\/v2\/comments?post=848"}],"version-history":[{"count":7,"href":"https:\/\/www.montclair.edu\/water-science\/wp-json\/wp\/v2\/pages\/848\/revisions"}],"predecessor-version":[{"id":1043,"href":"https:\/\/www.montclair.edu\/water-science\/wp-json\/wp\/v2\/pages\/848\/revisions\/1043"}],"up":[{"embeddable":true,"href":"https:\/\/www.montclair.edu\/water-science\/wp-json\/wp\/v2\/pages\/815"}],"wp:featuredmedia":[{"embeddable":true,"href":"https:\/\/www.montclair.edu\/water-science\/wp-json\/wp\/v2\/media\/611"}],"wp:attachment":[{"href":"https:\/\/www.montclair.edu\/water-science\/wp-json\/wp\/v2\/media?parent=848"}],"curies":[{"name":"wp","href":"https:\/\/api.w.org\/{rel}","templated":true}]}}