{"id":856,"date":"2021-05-21T12:57:37","date_gmt":"2021-05-21T16:57:37","guid":{"rendered":"http:\/\/www.montclair.edu\/water-science\/?page_id=856"},"modified":"2023-11-28T13:29:54","modified_gmt":"2023-11-28T18:29:54","slug":"snowella","status":"publish","type":"page","link":"https:\/\/www.montclair.edu\/water-science\/freshwater-cyanobacteria-of-new-jersey\/visual-guide-to-cyanobacteria-in-new-jersey\/coccoid\/colonial\/snowella\/","title":{"rendered":"Snowella"},"content":{"rendered":"<h2>Taxonomy<\/h2>\n<dl class=\"compact\">\n<dt>Order<\/dt>\n<dd>Synechococcales<\/dd>\n<dt>Family<\/dt>\n<dd>Coelosphaeriaceae<\/dd>\n<dt>Genus<\/dt>\n<dd><em>Snowella<\/em><\/dd>\n<\/dl>\n<h2>Examples of <em>Snowella<\/em><\/h2>\n<div class=\"prpl-row\"><br \/>\n<div class=\"prpl-column one-half\">\n<figure class=\"responsive-image-holder wp-caption alignnone\"><a href=\"\/water-science\/wp-content\/uploads\/sites\/73\/2021\/12\/snowella-2.jpg\"><img decoding=\"async\" class=\"mlt-responsive-image\" data-original-image=\"\/water-science\/wp-content\/uploads\/sites\/73\/2021\/12\/snowella-2.jpg\" src=\"\/responsive-media\/cache\/water-science\/wp-content\/uploads\/sites\/73\/2021\/12\/snowella-2.jpg.0.1x.generic.jpg\" alt=\"snowella (image 2)\"\/><\/a><\/figure>\n<p>400X total magnification; 10 \u03bcm scale bar.<\/p><\/div><div class=\"prpl-column one-half\">\n<figure class=\"responsive-image-holder wp-caption alignnone\"><a href=\"\/water-science\/wp-content\/uploads\/sites\/73\/2021\/05\/snowella-1.jpg\"><img decoding=\"async\" class=\"mlt-responsive-image\" data-original-image=\"\/water-science\/wp-content\/uploads\/sites\/73\/2021\/05\/snowella-1.jpg\" src=\"\/responsive-media\/cache\/water-science\/wp-content\/uploads\/sites\/73\/2021\/05\/snowella-1.jpg.0.1x.generic.jpg\" alt=\"snowella (image 1)\"\/><\/a><\/figure>\n<p>400X total magnification; 10 \u03bcm scale bar.<\/p><\/div><div class=\"prpl-column one-half\">\n<figure class=\"responsive-image-holder wp-caption alignnone\"><a href=\"\/water-science\/wp-content\/uploads\/sites\/73\/2021\/05\/snowella-5.jpg\"><img decoding=\"async\" class=\"mlt-responsive-image\" data-original-image=\"\/water-science\/wp-content\/uploads\/sites\/73\/2021\/05\/snowella-5.jpg\" src=\"\/responsive-media\/cache\/water-science\/wp-content\/uploads\/sites\/73\/2021\/05\/snowella-5.jpg.0.1x.generic.jpg\" alt=\"snowella (image 5)\"\/><\/a><\/figure>\n<p>400X total magnification.<\/p><\/div><\/p><\/div>\n<h2>Morphology<\/h2>\n<p>Microscopic colonies, spherical to oval in shape; sometimes composed of subcolonies; surrounded by a fine, diffuse mucilage. Cells are held at the ends of thin gelatinous stalks, which radiate from the colony center; stalks are nearly pseudodichotomously branched (each stalk branches into two more stalks, each roughly equal in length and thickness); stalks usually widened towards the colony center, and may be confluent. Cells are held by the stalks at the periphery of the colony; are often somewhat radially displaced from one another, rather than forming one uniform peripheral layer; usually distant from one another, but if densely arranged on the colony periphery, then at least with small spaces between cells (compare to <em>Gomphosphaeria<\/em>, whose cells remain joined together for a long period following division). Cells spherical to slightly radially elongated; 0.6-4.2 \u03bcm in length or diameter; pale blue-green, olive-green, or yellowish; two species have one to several central aerotopes.<\/p>\n<h2>Ecology<\/h2>\n<p>Free-floating colonies, planktic in temperate fresh and brackish waters, especially in cold mesotrophic lakes.<\/p>\n<h2>References<\/h2>\n<ul>\n<li>Johansen, J. R., &amp; Kom\u00e1rek, J. (2015). Coccoid Cyanobacteria. In J. D. Wehr, R. G. Sheath, &amp; J. P. Kociolek (Eds.), <em>Freshwater Algae of North America: Ecology and Classification<\/em> (2nd ed., pp. 91-101). Waltham, MA: Elsevier.<\/li>\n<li>Kom\u00e1rek, J. &amp; Anagnostidis, K. (2008). Cyanoprokaryota-1. Teil\/Part 1: Chroococcales. In H. Ettl, G. G\u00e4rtner, H. Heynig, &amp; D. Mollenhauer (Eds.), <em>S\u00fc\u00dfwasserflora von Mitteleuropa<\/em> (Vol. 19\/1, p. 204). Heidelberg, Germany: Spektrum.<\/li>\n<\/ul>\n","protected":false},"excerpt":{"rendered":"<p>Taxonomy Order Synechococcales Family Coelosphaeriaceae Genus Snowella Examples of Snowella Morphology Microscopic colonies, spherical to oval in shape; sometimes composed of subcolonies; surrounded by a fine, diffuse mucilage. Cells are held at the ends of thin gelatinous stalks, which radiate from the colony center; stalks are nearly pseudodichotomously branched (each stalk branches into two more [&hellip;]<\/p>\n","protected":false},"author":34,"featured_media":611,"parent":815,"menu_order":2,"comment_status":"closed","ping_status":"closed","template":"","meta":{"inline_featured_image":false,"footnotes":""},"class_list":["post-856","page","type-page","status-publish","has-post-thumbnail","hentry"],"_links":{"self":[{"href":"https:\/\/www.montclair.edu\/water-science\/wp-json\/wp\/v2\/pages\/856","targetHints":{"allow":["GET"]}}],"collection":[{"href":"https:\/\/www.montclair.edu\/water-science\/wp-json\/wp\/v2\/pages"}],"about":[{"href":"https:\/\/www.montclair.edu\/water-science\/wp-json\/wp\/v2\/types\/page"}],"author":[{"embeddable":true,"href":"https:\/\/www.montclair.edu\/water-science\/wp-json\/wp\/v2\/users\/34"}],"replies":[{"embeddable":true,"href":"https:\/\/www.montclair.edu\/water-science\/wp-json\/wp\/v2\/comments?post=856"}],"version-history":[{"count":7,"href":"https:\/\/www.montclair.edu\/water-science\/wp-json\/wp\/v2\/pages\/856\/revisions"}],"predecessor-version":[{"id":1231,"href":"https:\/\/www.montclair.edu\/water-science\/wp-json\/wp\/v2\/pages\/856\/revisions\/1231"}],"up":[{"embeddable":true,"href":"https:\/\/www.montclair.edu\/water-science\/wp-json\/wp\/v2\/pages\/815"}],"wp:featuredmedia":[{"embeddable":true,"href":"https:\/\/www.montclair.edu\/water-science\/wp-json\/wp\/v2\/media\/611"}],"wp:attachment":[{"href":"https:\/\/www.montclair.edu\/water-science\/wp-json\/wp\/v2\/media?parent=856"}],"curies":[{"name":"wp","href":"https:\/\/api.w.org\/{rel}","templated":true}]}}