{"id":869,"date":"2021-05-21T13:17:56","date_gmt":"2021-05-21T17:17:56","guid":{"rendered":"http:\/\/www.montclair.edu\/water-science\/?page_id=869"},"modified":"2023-11-22T15:11:58","modified_gmt":"2023-11-22T20:11:58","slug":"dolichospermum","status":"publish","type":"page","link":"https:\/\/www.montclair.edu\/water-science\/freshwater-cyanobacteria-of-new-jersey\/visual-guide-to-cyanobacteria-in-new-jersey\/filamentous\/heterocyte-forming\/dolichospermum\/","title":{"rendered":"Dolichospermum"},"content":{"rendered":"<h2>Taxonomy<\/h2>\n<dl class=\"compact\">\n<dt>Order<\/dt>\n<dd>Nostocales<\/dd>\n<dt>Family<\/dt>\n<dd>Aphanizomenonaceae<\/dd>\n<dt>Genus<\/dt>\n<dd><em>Dolichospermum<\/em><\/dd>\n<\/dl>\n<h2>Examples of <em>Dolichospermum<\/em><\/h2>\n<div class=\"prpl-row\"><br \/>\n<div class=\"prpl-column one-half\">\n<figure class=\"responsive-image-holder wp-caption alignnone\"><a href=\"\/water-science\/wp-content\/uploads\/sites\/73\/2021\/05\/dolichospermum-4.jpg\"><img decoding=\"async\" class=\"mlt-responsive-image\" data-original-image=\"\/water-science\/wp-content\/uploads\/sites\/73\/2021\/05\/dolichospermum-4.jpg\" src=\"\/responsive-media\/cache\/water-science\/wp-content\/uploads\/sites\/73\/2021\/05\/dolichospermum-4.jpg.0.1x.generic.jpg\" alt=\"dolichospermum (image 4)\"\/><\/a><\/figure>\n<p>400X total magnification; 10 \u03bcm scale bar.<\/p><\/div><div class=\"prpl-column one-half\">\n<figure class=\"responsive-image-holder wp-caption alignnone\"><a href=\"\/water-science\/wp-content\/uploads\/sites\/73\/2021\/05\/dolichospermum-1.jpg\"><img decoding=\"async\" class=\"mlt-responsive-image\" data-original-image=\"\/water-science\/wp-content\/uploads\/sites\/73\/2021\/05\/dolichospermum-1.jpg\" src=\"\/responsive-media\/cache\/water-science\/wp-content\/uploads\/sites\/73\/2021\/05\/dolichospermum-1.jpg.0.1x.generic.jpg\" alt=\"dolichospermum (image 1)\"\/><\/a><\/figure>\n<p>400X total magnification; 20 \u03bcm scale bar.<\/p><\/div><div class=\"prpl-column one-half\">\n<figure class=\"responsive-image-holder wp-caption alignnone\"><a href=\"\/water-science\/wp-content\/uploads\/sites\/73\/2021\/05\/dolichospermum-2.jpg\"><img decoding=\"async\" class=\"mlt-responsive-image\" data-original-image=\"\/water-science\/wp-content\/uploads\/sites\/73\/2021\/05\/dolichospermum-2.jpg\" src=\"\/responsive-media\/cache\/water-science\/wp-content\/uploads\/sites\/73\/2021\/05\/dolichospermum-2.jpg.0.1x.generic.jpg\" alt=\"dolichospermum (image 2)\"\/><\/a><\/figure>\n<p>400X total magnification.<\/p><\/div><div class=\"prpl-column one-half\">\n<figure class=\"responsive-image-holder wp-caption alignnone\"><a href=\"\/water-science\/wp-content\/uploads\/sites\/73\/2021\/05\/dolichospermum-3.jpg\"><img decoding=\"async\" class=\"mlt-responsive-image\" data-original-image=\"\/water-science\/wp-content\/uploads\/sites\/73\/2021\/05\/dolichospermum-3.jpg\" src=\"\/responsive-media\/cache\/water-science\/wp-content\/uploads\/sites\/73\/2021\/05\/dolichospermum-3.jpg.0.1x.generic.jpg\" alt=\"dolichospermum (image 3)\"\/><\/a><\/figure>\n<p>400X total magnification; 20 \u03bcm scale bar.<\/p><\/div><br \/>\n<\/p><\/div>\n<h2>Morphology<\/h2>\n<p>Trichomes usually solitary, or in small, irregular clusters; straight, curved, or coiled; isopolar; not narrowed towards the ends; usually with clear constrictions at crosswalls; metameric. Never with firm sheaths; sometimes with fine mucilaginous envelopes. Cells spherical, barrel-shaped, or nearly cylindrical; usually isodiametric, sometimes longer than wide (up to 2x longer than wide). Terminal cells not different from other vegetative cells; rounded at the ends. <strong>Obligately with aerotopes.<\/strong><\/p>\n<p>Heterocytes intercalary (but can be found in a terminal position only after disintegration of a trichome); solitary; usually spherical, sometimes barrel-shaped; as wide as vegetative cells (or nearly so; slightly wider or narrower). Akinetes intercalary; solitary, or sometimes in rows of up to 5; cylindrical, ovoid, oval, or spherical in shape; developing paraheterocytically, adjacent to or slightly distant from heterocytes.<\/p>\n<h2>Ecology<\/h2>\n<p>Trichomes are planktic, or rarely metaphytic. Mostly reported in temperate zones, in freshwater mesotrophic lakes and ponds. Capable of forming surface blooms.<\/p>\n<p><strong>Note that <em>Dolichospermum<\/em> was formerly classified as a cluster of &#8220;planktic <em>Anabaena<\/em>&#8221; species<\/strong>; the two genera are distinct phylogenetically, morphologically, and ecologically. Unlike <em>Anabaena<\/em>, <em>Dolichospermum<\/em> is planktic, cells obligately contain aerotopes, and trichomes are mostly solitary (not forming mats).<\/p>\n<h2>References<\/h2>\n<ul>\n<li>Johansen, J. R., &amp; Kom\u00e1rek, J. (2015). Filamentous Cyanobacteria. In J. D. Wehr, R. G. Sheath, &amp; J. P. Kociolek (Eds.), <em>Freshwater Algae of North America: Ecology and Classification<\/em> (2nd ed., pp. 183-214). Waltham, MA: Elsevier.<\/li>\n<li>Kom\u00e1rek, J. (2013). Cyanoprokaryota-3. Teil\/Part 3: Heterocytous Genera (J. R. Johansen, Ed.). In B. B\u00fcdel, G. G\u00e4rtner, L. Krienitz, &amp; M. Schagerl (Eds.), <em>S\u00fc\u00dfwasserflora von Mitteleuropa<\/em> (Vol. 19\/3, pp. 697-698). Heidelberg, Germany: Springer Spektrum.<\/li>\n<\/ul>\n","protected":false},"excerpt":{"rendered":"<p>Taxonomy Order Nostocales Family Aphanizomenonaceae Genus Dolichospermum Examples of Dolichospermum Morphology Trichomes usually solitary, or in small, irregular clusters; straight, curved, or coiled; isopolar; not narrowed towards the ends; usually with clear constrictions at crosswalls; metameric. Never with firm sheaths; sometimes with fine mucilaginous envelopes. Cells spherical, barrel-shaped, or nearly cylindrical; usually isodiametric, sometimes longer [&hellip;]<\/p>\n","protected":false},"author":34,"featured_media":611,"parent":827,"menu_order":6,"comment_status":"closed","ping_status":"closed","template":"","meta":{"inline_featured_image":false,"footnotes":""},"class_list":["post-869","page","type-page","status-publish","has-post-thumbnail","hentry"],"_links":{"self":[{"href":"https:\/\/www.montclair.edu\/water-science\/wp-json\/wp\/v2\/pages\/869","targetHints":{"allow":["GET"]}}],"collection":[{"href":"https:\/\/www.montclair.edu\/water-science\/wp-json\/wp\/v2\/pages"}],"about":[{"href":"https:\/\/www.montclair.edu\/water-science\/wp-json\/wp\/v2\/types\/page"}],"author":[{"embeddable":true,"href":"https:\/\/www.montclair.edu\/water-science\/wp-json\/wp\/v2\/users\/34"}],"replies":[{"embeddable":true,"href":"https:\/\/www.montclair.edu\/water-science\/wp-json\/wp\/v2\/comments?post=869"}],"version-history":[{"count":6,"href":"https:\/\/www.montclair.edu\/water-science\/wp-json\/wp\/v2\/pages\/869\/revisions"}],"predecessor-version":[{"id":1224,"href":"https:\/\/www.montclair.edu\/water-science\/wp-json\/wp\/v2\/pages\/869\/revisions\/1224"}],"up":[{"embeddable":true,"href":"https:\/\/www.montclair.edu\/water-science\/wp-json\/wp\/v2\/pages\/827"}],"wp:featuredmedia":[{"embeddable":true,"href":"https:\/\/www.montclair.edu\/water-science\/wp-json\/wp\/v2\/media\/611"}],"wp:attachment":[{"href":"https:\/\/www.montclair.edu\/water-science\/wp-json\/wp\/v2\/media?parent=869"}],"curies":[{"name":"wp","href":"https:\/\/api.w.org\/{rel}","templated":true}]}}