{"id":897,"date":"2021-05-21T13:50:32","date_gmt":"2021-05-21T17:50:32","guid":{"rendered":"http:\/\/www.montclair.edu\/water-science\/?page_id=897"},"modified":"2021-06-09T17:26:09","modified_gmt":"2021-06-09T21:26:09","slug":"pseudanabaena","status":"publish","type":"page","link":"https:\/\/www.montclair.edu\/water-science\/freshwater-cyanobacteria-of-new-jersey\/visual-guide-to-cyanobacteria-in-new-jersey\/filamentous\/non-heterocyte-forming\/pseudanabaena\/","title":{"rendered":"Pseudanabaena"},"content":{"rendered":"<h2>Taxonomy<\/h2>\n<dl class=\"compact\">\n<dt>Order<\/dt>\n<dd>Synechococcales<\/dd>\n<dt>Family<\/dt>\n<dd>Pseudanabaenaceae<\/dd>\n<dt>Genus<\/dt>\n<dd><em>Pseudanabaena<\/em><\/dd>\n<\/dl>\n<h2>Examples of <em>Pseudanabaena<\/em><\/h2>\n<div class=\"prpl-row\"><br \/>\n<div class=\"prpl-column one-half\">\n<figure class=\"responsive-image-holder wp-caption alignnone\"><a href=\"\/water-science\/wp-content\/uploads\/sites\/73\/2021\/05\/pseudanabaena-2.jpg\"><img decoding=\"async\" class=\"mlt-responsive-image\" data-original-image=\"\/water-science\/wp-content\/uploads\/sites\/73\/2021\/05\/pseudanabaena-2.jpg\" src=\"\/responsive-media\/cache\/water-science\/wp-content\/uploads\/sites\/73\/2021\/05\/pseudanabaena-2.jpg.0.1x.generic.jpg\" alt=\"pseudanabaena (image 2)\"\/><\/a><\/figure>\n<p>400X total magnification; 10 \u03bcm scale bar. <em>Pseudanabaena trichomes<\/em> indicated by red arrow.<\/p><\/div><div class=\"prpl-column one-half\">\n<figure class=\"responsive-image-holder wp-caption alignnone\"><a href=\"\/water-science\/wp-content\/uploads\/sites\/73\/2021\/05\/pseudanabaena-1.jpg\"><img decoding=\"async\" class=\"mlt-responsive-image\" data-original-image=\"\/water-science\/wp-content\/uploads\/sites\/73\/2021\/05\/pseudanabaena-1.jpg\" src=\"\/responsive-media\/cache\/water-science\/wp-content\/uploads\/sites\/73\/2021\/05\/pseudanabaena-1.jpg.0.1x.generic.jpg\" alt=\"pseudanabaena (image 1)\"\/><\/a><\/figure>\n<p>400X total magnification; 10 \u03bcm scale bar.<\/p><\/div><\/p><\/div>\n<h2>Morphology<\/h2>\n<p>Trichomes solitary or forming fine mats. Trichomes typically straight or curved, less commonly wavy; usually fairly short, consisting of a small number of cells, or (uncommonly) long, with many cells; usually conspicuously constricted at crosswalls; without firm sheaths, but may have wide, diffluent mucilaginous envelopes. Immotile or facultatively with slow gliding movement. Cells mostly cylindrical with rounded ends, or sometimes nearly barrel-shaped; almost always longer than wide, rarely almost isodiametric; apical cells cylindrical with rounded ends in typical <em>Pseudanabaena<\/em>, or pointed in subgenera <em>Ilyonema<\/em> and <em>Skujanema<\/em>. One or two polar (near crosswalls) aerotopes may be present, though such species may eventually be classified into a separate genus.<\/p>\n<h2>Ecology<\/h2>\n<p>Recorded from a variety of habitat types: planktic, metaphytic, periphytic, and benthic in various waters; on soils; endogloeic; and in thermal and mineral springs.<\/p>\n<h2>References<\/h2>\n<ul>\n<li>Johansen, J. R., &amp; Kom\u00e1rek, J. (2015). Filamentous Cyanobacteria. In J. D. Wehr, R. G. Sheath, &amp; J. P. Kociolek (Eds.), <em>Freshwater Algae of North America: Ecology and Classification<\/em> (2nd ed., pp. 146-150). Waltham, MA: Elsevier.<\/li>\n<li>Kom\u00e1rek, J. &amp; Anagnostidis, K. (2008). Cyanoprokaryota-2. Teil\/Part 2: Oscillatoriales. In B. B\u00fcdel, G. G\u00e4rtner, L. Krienitz, &amp; M. Schagerl (Eds.), <em>S\u00fc\u00dfwasserflora von Mitteleuropa<\/em> (Vol. 19\/2, pp. 70-72). Heidelberg, Germany: Spektrum.<\/li>\n<\/ul>\n","protected":false},"excerpt":{"rendered":"<p>Taxonomy Order Synechococcales Family Pseudanabaenaceae Genus Pseudanabaena Examples of Pseudanabaena Morphology Trichomes solitary or forming fine mats. Trichomes typically straight or curved, less commonly wavy; usually fairly short, consisting of a small number of cells, or (uncommonly) long, with many cells; usually conspicuously constricted at crosswalls; without firm sheaths, but may have wide, diffluent mucilaginous [&hellip;]<\/p>\n","protected":false},"author":34,"featured_media":611,"parent":829,"menu_order":1,"comment_status":"closed","ping_status":"closed","template":"","meta":{"inline_featured_image":false,"footnotes":""},"class_list":["post-897","page","type-page","status-publish","has-post-thumbnail","hentry"],"_links":{"self":[{"href":"https:\/\/www.montclair.edu\/water-science\/wp-json\/wp\/v2\/pages\/897","targetHints":{"allow":["GET"]}}],"collection":[{"href":"https:\/\/www.montclair.edu\/water-science\/wp-json\/wp\/v2\/pages"}],"about":[{"href":"https:\/\/www.montclair.edu\/water-science\/wp-json\/wp\/v2\/types\/page"}],"author":[{"embeddable":true,"href":"https:\/\/www.montclair.edu\/water-science\/wp-json\/wp\/v2\/users\/34"}],"replies":[{"embeddable":true,"href":"https:\/\/www.montclair.edu\/water-science\/wp-json\/wp\/v2\/comments?post=897"}],"version-history":[{"count":4,"href":"https:\/\/www.montclair.edu\/water-science\/wp-json\/wp\/v2\/pages\/897\/revisions"}],"predecessor-version":[{"id":1059,"href":"https:\/\/www.montclair.edu\/water-science\/wp-json\/wp\/v2\/pages\/897\/revisions\/1059"}],"up":[{"embeddable":true,"href":"https:\/\/www.montclair.edu\/water-science\/wp-json\/wp\/v2\/pages\/829"}],"wp:featuredmedia":[{"embeddable":true,"href":"https:\/\/www.montclair.edu\/water-science\/wp-json\/wp\/v2\/media\/611"}],"wp:attachment":[{"href":"https:\/\/www.montclair.edu\/water-science\/wp-json\/wp\/v2\/media?parent=897"}],"curies":[{"name":"wp","href":"https:\/\/api.w.org\/{rel}","templated":true}]}}